{"id":154,"date":"2020-12-14T15:51:46","date_gmt":"2020-12-14T15:51:46","guid":{"rendered":"https:\/\/jenskemle.de\/?page_id=154"},"modified":"2021-01-18T11:18:41","modified_gmt":"2021-01-18T11:18:41","slug":"journalist-2","status":"publish","type":"page","link":"https:\/\/jenskemle.de\/?page_id=154","title":{"rendered":"Journalist"},"content":{"rendered":"<div data-colibri-id=\"154-c1\" class=\"style-459 style-local-154-c1 position-relative\">\n  <!---->\n  <div data-colibri-component=\"section\" data-colibri-id=\"154-c2\" id=\"custom\" class=\"h-section h-section-global-spacing d-flex align-items-lg-center align-items-md-center align-items-center style-460 style-local-154-c2 position-relative\">\n    <!---->\n    <!---->\n    <div class=\"h-section-grid-container h-section-boxed-container\">\n      <!---->\n      <div data-colibri-id=\"154-c3\" class=\"h-row-container gutters-row-lg-2 gutters-row-md-2 gutters-row-0 gutters-row-v-lg-2 gutters-row-v-md-2 gutters-row-v-2 style-576 style-local-154-c3 position-relative\">\n        <!---->\n        <div class=\"h-row justify-content-lg-center justify-content-md-center justify-content-center align-items-lg-stretch align-items-md-stretch align-items-stretch gutters-col-lg-2 gutters-col-md-2 gutters-col-0 gutters-col-v-lg-2 gutters-col-v-md-2 gutters-col-v-2\">\n          <!---->\n          <div class=\"h-column h-column-container d-flex h-col-lg-auto h-col-md-auto h-col-auto style-577-outer style-local-154-c4-outer\">\n            <div data-colibri-id=\"154-c4\" class=\"d-flex h-flex-basis h-column__inner h-px-lg-2 h-px-md-2 h-px-2 v-inner-lg-2 v-inner-md-2 v-inner-2 style-577 style-local-154-c4 position-relative\">\n              <!---->\n              <!---->\n              <div class=\"w-100 h-y-container h-column__content h-column__v-align flex-basis-100 align-self-lg-start align-self-md-start align-self-start\">\n                <!---->\n                <div data-colibri-id=\"154-c5\" class=\"h-global-transition-all h-heading style-579 style-local-154-c5 position-relative h-element\">\n                  <!---->\n                  <div class=\"h-heading__outer style-579 style-local-154-c5\">\n                    <!---->\n                    <!---->\n                    <h4 class=\"\">Eine Frage der Frage<\/h4>\n                  <\/div>\n                <\/div>\n              <\/div>\n            <\/div>\n          <\/div>\n        <\/div>\n      <\/div>\n      <div data-colibri-id=\"154-c6\" class=\"h-row-container gutters-row-lg-2 gutters-row-md-2 gutters-row-0 gutters-row-v-lg-2 gutters-row-v-md-2 gutters-row-v-2 style-461 style-local-154-c6 position-relative\">\n        <!---->\n        <div class=\"h-row justify-content-lg-center justify-content-md-center justify-content-center align-items-lg-stretch align-items-md-stretch align-items-stretch gutters-col-lg-2 gutters-col-md-2 gutters-col-0 gutters-col-v-lg-2 gutters-col-v-md-2 gutters-col-v-2\">\n          <!---->\n          <div class=\"h-column h-column-container d-flex h-col-lg-auto h-col-md-auto h-col-auto style-463-outer style-local-154-c7-outer\">\n            <div data-colibri-id=\"154-c7\" class=\"d-flex h-flex-basis h-column__inner h-px-lg-2 h-px-md-2 h-px-2 v-inner-lg-2 v-inner-md-2 v-inner-2 style-463 style-local-154-c7 position-relative\">\n              <!---->\n              <!---->\n              <div class=\"w-100 h-y-container h-column__content h-column__v-align flex-basis-100 align-self-lg-start align-self-md-start align-self-start\">\n                <!---->\n                <div data-colibri-id=\"154-c8\" class=\"h-text h-text-component style-465 style-local-154-c8 position-relative h-element\">\n                  <!---->\n                  <!---->\n                  <div class=\"\">\n                    <p><span style=\"font-family: Calibri, sans-serif; font-size: 11pt;\" wfd-id=\"209\">Mein Beruf ist es, Fragen zu stellen. Klingt banal, ist aber ein gro\u00dfes Privileg. In dieser Rolle bin ich nicht nur der Stellvertreter der Leser, sondern auch \u00dcbersetzer und Ermittler. Was die Leser wissen wollen \u2013 und m\u00fcssen \u2013 treibt mich an. Jede Frage ist nur ein Alibi. Was z\u00e4hlt ist die Antwort. Gute Antworten zu bekommen ist oft harte Arbeit f\u00fcr die Hartn\u00e4ckigkeit, Ausdauer und Kreativit\u00e4t notwendig ist.<\/span><\/p>\n                  <\/div>\n                <\/div>\n              <\/div>\n            <\/div>\n          <\/div>\n        <\/div>\n      <\/div>\n    <\/div>\n  <\/div>\n<\/div>","protected":false},"excerpt":{"rendered":"<p>Eine Frage der Frage Mein Beruf ist es, Fragen zu stellen. Klingt banal, ist aber ein gro\u00dfes Privileg. In dieser Rolle bin ich nicht nur der Stellvertreter der Leser, sondern auch \u00dcbersetzer und Ermittler. Was die Leser wissen wollen \u2013 und m\u00fcssen \u2013 treibt mich an. Jede Frage ist nur ein Alibi. Was z\u00e4hlt ist [&hellip;]<\/p>\n","protected":false},"author":1,"featured_media":0,"parent":0,"menu_order":0,"comment_status":"closed","ping_status":"closed","template":"page-templates\/full-width-page.php","meta":[],"_links":{"self":[{"href":"https:\/\/jenskemle.de\/index.php?rest_route=\/wp\/v2\/pages\/154"}],"collection":[{"href":"https:\/\/jenskemle.de\/index.php?rest_route=\/wp\/v2\/pages"}],"about":[{"href":"https:\/\/jenskemle.de\/index.php?rest_route=\/wp\/v2\/types\/page"}],"author":[{"embeddable":true,"href":"https:\/\/jenskemle.de\/index.php?rest_route=\/wp\/v2\/users\/1"}],"replies":[{"embeddable":true,"href":"https:\/\/jenskemle.de\/index.php?rest_route=%2Fwp%2Fv2%2Fcomments&post=154"}],"version-history":[{"count":11,"href":"https:\/\/jenskemle.de\/index.php?rest_route=\/wp\/v2\/pages\/154\/revisions"}],"predecessor-version":[{"id":2603,"href":"https:\/\/jenskemle.de\/index.php?rest_route=\/wp\/v2\/pages\/154\/revisions\/2603"}],"wp:attachment":[{"href":"https:\/\/jenskemle.de\/index.php?rest_route=%2Fwp%2Fv2%2Fmedia&parent=154"}],"curies":[{"name":"wp","href":"https:\/\/api.w.org\/{rel}","templated":true}]}}